 derivative of -1/60*f**6 + 0*f + 0*f**5 + 1/6*f**3 + 3*f**2 - 1/12*f**4 + 0. Give z(1).
-3
Let h(f) = f. Let i(z) = 6*z. Let g(l) = 10*h(l) - 2*i(l). Let b be 2 + -3 + (1 - 2). Let m = b + 0. Give g(m).
4
Let z(q) = q**2 + 2*q + 1. Let n be z(-3). Suppose 5*h - n*h = 0. Let g(v) be the second derivative of v**5/20 + v**3/6 + 3*v**2/2 + 2*v. What is g(h)?
3
Let v(r) = r - 10. Let t be v(16). Let x(i) = i**3 - 6*i**2 + 3*i - 3. Determine x(t).
15
Let a(o) = -3*o + 43. Let g(z) = z - 14. Let p(d) = -2*a(d) - 7*g(d). Give p(9).
3
Let m(h) = -3 + 30*h - 17*h - 12*h - 1. Calculate m(3).
-1
Let c(g) = g**2 + g - 2. Suppose -16*x = -12*x - 64. Let d = x + -16. Give c(d).
-2
Let j(h) = h + 1. Let v(c) be the first derivative of c**2/2 + 5*c - 6. Let f be v(-10). Calculate j(f).
-4
Let o be (-1 - 0) + 0/4. Let k be 1 + 2 + 0 + o. Let y(d) = d - 2. What is y(k)?
0
Let x(q) be the first derivative of -q**7/840 + q**6/72 - q**5/30 - 5*q**4/24 - 4*q**3/3 - 4. Let c(a) be the third derivative of x(a). Determine c(4).
-5
Let v(b) = b**2 - 6*b - 5. Let j be (2/((-4)/(-14)))/1. What is v(j)?
2
Let r = -4 - -6. Let u(z) be the first derivative of 5*z**3/3 - 3*z**2/2 + 50. Give u(r).
14
Suppose 0 = -3*o + 1 + 11. Let p(i) = -4*i + 4. Calculate p(o).
-12
Let z(v) = v + 10. Suppose 0 = 3*j + p - 313, -4*j - 4*p = -9*j + 550. Suppose -2*a = -2*f + j, 2*f + f = -5*a - 265. Let b be a/11 + 4/(-22). Give z(b).
5
Let q(t) = t**2 - t. Let m(j) = -j**3 - j**2 + 3*j + 2. Let k(z) = m(z) + 3*q(z). Calculate k(3).
-7
Let u(x) = 2*x - 1. Let k(l) = l**2 - 11*l + 12. Let q be k(10). Suppose -4*f - q*a + 24 = 0, -3*f - 4*a = -7*f. Calculate u(f).
7
Suppose -5*b - 6 = -3*b. Let x = 3 - 1. Let z(f) = -2*f + 2 + x*f**3 + 3*f - f**3 + 2*f**2 - 4*f. Give z(b).
2
Let h(x) = 7*x - 3*x + 3*x + 10. Let f(b) = b + 1. Let k(n) = 5*f(n) - h(n). Let s(i) = i - 4. Let z be s(0). Calculate k(z).
3
Suppose -4*d = -3*j + d - 6, 3 = 2*j - d. Let a(q) = 4*q**2 + j*q**3 - 31*q - 4*q**3 + 4 + 3*q**2 + 23*q. What is a(6)?
-8
Let q(s) = -3*s**2 + 2 + 2*s**2 + 2*s - 3*s + 0*s. Determine q(-2).
0
Let h(c) = c**3 + 6*c**2 + 3*c + 7. Let q = 2 - 12. Let w(z) = z**3 + 10*z**2 + 2*z + 14. Let n be w(q). Calculate h(n).
-11
Let g(u) = 178*u**2 + 2 + 7*u + 0*u - 177*u**2. Suppose 7*i - 2*i + 3*b = -35, 4*b = 3*i + 21. Calculate g(i).
2
Let c(a) be the second derivative of -a**5/20 - 5*a**4/12 - a**3/6 - 2*a**2 - 8*a. Determine c(-5).
1
Let w(f) = -f**3 + 8*f**2 + 9*f. Let x = -83 - -92. Give w(x).
0
Let b(k) = k + 5. Suppose 1 = -3*r + 4. Let i be 1/(r/12*-2). Determine b(i).
-1
Let c = -10 - -6. Let h be 72/20*(-10)/c. Suppose 5*r - 11 = h. Let u(l) = -l**3 + 3*l**2 + l + 4. Calculate u(r).
-8
Let y(s) = -4*s**3 + s**2 - s - 1. Let u be y(-1). Let z(k) = -k**2 + 3*k + 5. Give z(u).
-5
Let z(t) = -t**3 - 8*t**2 + 9*t + 2. Let o be z(-9). Let d(j) = o*j + 5 + 6 - j**3 - 2*j. Give d(0).
11
Let n be (-69)/12 + (-1)/4. Let u(a) be the first derivative of -a**3/3 - 3*a**2 + 4*a + 5. Let d(f) be the first derivative of u(f). Give d(n).
6
Let n(s) be the third derivative of -3*s**7/280 + s**3/6 + 2*s**2. Let c(u) be the first derivative of n(u). Determine c(-1).
9
Let s(l) = -3*l**3 - 14*l**2 + 8*l - 1. Let u(z) = z**3 + 7*z**2 - 4*z. Let i(n) = 2*s(n) + 5*u(n). What is i(6)?
10
Let j(t) = -t**3 + 6*t**2 + 8*t - 4. Let y(l) = 9*l**2 - 3*l + 1. Let p be y(1). What is j(p)?
3
Let q(b) = b**2 - 3*b - 4. Suppose -3*s + 7 = -4*i, 4*s = -4*i + 17 + 11. What is q(s)?
6
Let a = 8 + -6. Let r(m) = 0*m - a*m + 3*m. Let s = 13 + -18. What is r(s)?
-5
Let v(y) = 3 - 7 - 2 + 14*y - y**2. Let b be v(13). Let g(w) = -w**3 + 7*w**2 - w + 9. Calculate g(b).
2
Let i be -2 - (4/(-1) - -2). Let n(t) = i*t + 4*t - 5*t - t**2 + 5. Give n(0).
5
Let v(b) be the third derivative of 1/60*b**5 + 0*b**3 + 2*b**2 + 1/6*b**4 + 0*b + 0. Calculate v(-5).
5
Let a(s) = -s**3 + 5*s**2 + 4*s + 4. Let r(c) = c + 15. Let z be r(-9). What is a(z)?
-8
Let p(w) = -w**2 + 9*w - 2. Let b(v) = 2*v**2 - 17*v + 3. Let j(n) = 4*b(n) + 7*p(n). Calculate j(4).
-6
Let r(s) = -s**3 - 4*s**2 + 7*s + 3. Suppose 0 = -4*c - 13 + 69. Let y = 9 - c. Calculate r(y).
-7
Let i(n) be the second derivative of n**6/120 - n**5/120 - n**3/2 + 3*n. Let r(d) be the second derivative of i(d). Determine r(2).
10
Let y = -10 - -11. Let l(x) = 5*x**3 + 5*x**2 - 5*x. Let j be (18/8)/((-9)/(-24)). Let r(c) = 11*c**3 + 11*c**2 - 11*c. Let q(o) = j*r(o) - 13*l(o). Give q(y).
1
Suppose 3*n + 10 = -2*n. Let x(h) = -h + 1. Let b(t) = 1. Let y(j) = n*b(j) - x(j). Calculate y(5).
2
Let r(p) = -p**2 + 4*p + 8. Let w(f) = -f**2 + 7*f. Suppose -12 = -2*a - 0*a. Let m be w(a). Calculate r(m).
-4
Let b(w) = 3*w - 1. Let r = 1 + 1. Calculate b(r).
5
Let s be (-78)/(-30) - 4/(-10). Let r(o) = -10*o**3 - 5 + 3*o**2 - 2*o**2 + 11*o**s. Let k be -2 - (-3)/1 - 1. What is r(k)?
-5
Let k(i) = 4*i - 5. Let l(o) = -o + 1. Let q(w) = k(w) + 2*l(w). Calculate q(4).
5
Let w(h) = 2*h - 5*h**2 + 2*h**2 + 2*h**2 - 3 + 0*h**2. Let v = 3 - 5. Let z be 1 - ((v - -3) + -3). What is w(z)?
-6
Let s(u) = -u + 1 - 4 + 5 - 4. Determine s(3).
-5
Let x(h) = 6*h - 1. Let s(u) = -u**3 + 3*u**2 + 4*u - 1. Let k(t) = t**3 - 5*t**2 - 5*t - 2. Let w be k(6). Let b be s(w). What is x(b)?
-7
Let d(n) = n**2 + 3*n - 5. Suppose -3*j + 3 + 9 = 0. Suppose j*y + h = -11, 3*y = -0*y - h - 7. Determine d(y).
-1
Let s(j) = j**2 - j - 1. Let i(d) = -2*d - 3. Let o(x) = -i(x) + 3*s(x). Calculate o(-1).
4
Let x(i) = 5*i - 5 + 3*i**2 + 8 - 2*i**3 + 3*i**3. Give x(-3).
-12
Let x(w) = w + 1. Suppose 0*f + 2*f - 5*l = 2, 5*f - 28 = l. Suppose 0 = 5*u - 15, -f*k = -k + 3*u - 9. Determine x(k).
1
Let r(c) = c + 4. Let k(t) be the second derivative of t**3/6 - t**2/2 + 3*t. Let m(a) = -k(a) - r(a). Determine m(-3).
3
Suppose -1 = -a + 2*x, 5 = 5*a + 2*x + 3*x. Let d(t) = -10*t. Determine d(a).
-10
Let b be (-215)/45 - (-4)/(-18). Let i(u) = -7*u**2 + 9*u - 3. Let h(k) = 11*k**2 - 13*k + 4. Let v(m) = b*h(m) - 7*i(m). Determine v(-1).
-7
Let k(y) = 5*y**2 + 7*y + 1. Let p(f) = f. Let g(d) = -k(d) + 6*p(d). What is g(-1)?
-5
Let r(p) be the second derivative of 1/20*p**5 + 0 + 0*p**3 + p**2 - 3*p + 1/3*p**4. Determine r(-4).
2
Let c(f) = 5*f**3 + 11*f**2 - 4*f - 12. Let k(s) = 11*s**3 + 23*s**2 - 9*s - 25. Let y(i) = 13*c(i) - 6*k(i). Give y(5).
4
Let a(l) be the first derivative of l**6/360 + l**5/120 + l**4/24 - l**3 - 1. Let w(c) be the third derivative of a(c). Determine w(0).
1
Let p(z) = -1 - 10 - 7*z**2 - 9*z + 4*z**3 - 3*z**3 + 2*z. What is p(8)?
-3
Let t(c) = c**2 + 3*c - 8. Suppose 0*f = -5*f + 15. Let o be 3/((f/(-1))/6). Give t(o).
10
Let y(j) = -9*j**2 - j. Let n(h) = -h**3 - 4*h**2 - 3*h - 11. Let a be n(-4). Determine y(a).
-10
Suppose 31 = -4*a + 7. Let z(q) = q**2 + 8*q - 1. Determine z(a).
-13
Let i(g) = -2*g. Let b be i(3). Let q(r) = -r**2 - 5*r + 1. Let l be q(b). Let o(z) = z**3 + 4*z**2 - 6*z - 7. Calculate o(l).
-2
Let v(n) be the second derivative of -2*n**3/3 - n**2/2 + 3*n. Let b be v(-1). Suppose -2*h = -b*y + 28, 4*y = h - 11 + 40. Let z(f) = -f**2 + 7*f. Give z(y).
6
Suppose 2*s = 3*s - 5*z - 7, -2*s = 4*z. Let c(f) = 4*f**2 - 9*f**s + f**2 + 3*f**2 + f. What is c(2)?
-2
Let z = -3 + 4. Let w be (-1 - -4)/3*z. Let n(i) = -i**3 - i**2 + i - 1. Calculate n(w).
-2
Let k(u) be the second derivative of u**5/20 - u**4/12 - 5*u**2/2 - 2*u. Let y be (-36)/(-16)*(3 + 1). Let b = 9 - y. What is k(b)?
-5
Let r be (-46)/6 + 4 - -4. Let a(o) be the first derivative of 5/2*o**2 + 2 - 2*o - r*o**3. Calculate a(2).
4
Let d(c) = -c. Let x(o) = 2*o - 1 - 3*o + 5*o. Suppose -11 = -5*w + 4. Let j(k) = w*d(k) + x(k). Give j(1).
0
Let y(j) = 2*j - 7. Suppose 3*u - 18 = -0*u. Give y(u).
5
Let q(b) = -7*b - 3. Let h(z) = 6*z + 2. Let i(r) = 6*h(r) + 5*q(r). Let t(w) = -w + 6. Let v be t(6). Let p be -2 + v + -1 + -1. What is i(p)?
-7
Let i(x) be the first derivative of x**3/3 + 5*x**2/2 - 5*x + 9. What is i(-7)?
9
Let y(m) be the second derivative of m**5/10 - m**4/6 + m**3/6 - m**2/2 + 91*m. Suppose 0*z = -3*z + 6. Calculate y(z).
9
Let n(z) = -z**3 + z**2 + 2*z + 6. Let c(x) = x**3 - x**2 - x - 6. Let w(y) = -3*c(y) - 2*n(y). Give w(0).
6
Let z(q) = q**3 - 3*q + 0*q - 5*q**3 + 2 + 5*q**3. Calculate z(3).
20
Let g(r) = -r**3 - 6*r**2 + 9*r